 l*k = 24. What are the prime factors of k?
2
Let o = -7 + 11. List the prime factors of (-186)/(-15) - o/10.
2, 3
Let q(c) = -6*c**3 + 1. Suppose 5*k + 25 = 0, k + 1 = 4*i - 0*k. List the prime factors of q(i).
7
Let g(m) = 55*m. What are the prime factors of g(2)?
2, 5, 11
Let r(n) be the second derivative of 13*n**3/3 + 5*n. List the prime factors of r(1).
2, 13
Let d be 16/40 - (-133)/5. Suppose -5*n + 38 = -0*n + v, 2*v - d = -3*n. What are the prime factors of n?
7
List the prime factors of 2/(-14) - 3054/(-14).
2, 109
Let o be (-8)/(-28) + (-24)/(-14). Suppose -o*n = n. Suppose n = -3*t + 26 - 11. List the prime factors of t.
5
Let f be 8 + 0 + 4 - 2. Suppose -4*l - 8 = -2*l. Let i = l + f. List the prime factors of i.
2, 3
Let r(t) = -2*t**3 - 4*t**2 + 2*t + 3. Let j(l) = 4*l**2 + l. Let v be j(-2). Let w be 4/14 + (-46)/v. List the prime factors of r(w).
3, 5
Let l(r) = -3*r + 5. Let n be l(-5). Let q = n - 12. List the prime factors of q.
2
Suppose -303 = -30*z + 29*z. What are the prime factors of z?
3, 101
Let n = -8 - -10. Suppose -n*l - 16 - 18 = -3*b, 0 = 2*b - l - 23. List the prime factors of b.
2, 3
Let u = -7 + 4. What are the prime factors of (-2)/(-6) - 8/u?
3
Suppose 0 = 3*k - 222 - 45. What are the prime factors of k?
89
Suppose -2*o - 55 + 151 = 0. What are the prime factors of o?
2, 3
Let y = -3 + 3. Suppose 3*d = 3*c - 15, y = -2*c + 3*d + 11. Suppose 3*q - 36 = -c*b - q, 5*q = -b + 5. List the prime factors of b.
2, 5
Let f(o) = -3*o - 8. Suppose -4*t - t - j - 61 = 0, 0 = -5*t - 3*j - 63. What are the prime factors of f(t)?
2, 7
Let z(d) = 3*d**2 - d - 1. Suppose t - 5 = 0, -4*g + 2*t - 3 = -1. Let u be z(g). List the prime factors of (-5)/(-3) - (-3)/u.
2
Suppose 4*k + 4 = 6*k. Suppose 3*g + 6 = -k*v, -5*v + g + 19 = -0*g. List the prime factors of (10/v)/((-3)/(-9)).
2, 5
Let u = -1 - -5. Suppose 7 = u*j - 1. What are the prime factors of j?
2
Let t(h) = 14*h**2 - 4*h + 4. Let k(u) = u**2 - u + 1. Let x(g) = -4*k(g) + t(g). Let a = 2 + -1. What are the prime factors of x(a)?
2, 5
Suppose 0*b + 5*b = 60. List the prime factors of b.
2, 3
Suppose j = -3*u + 79, 5*u + 114 = 3*j - j. Let q = j + -48. What are the prime factors of q?
19
Let n(x) = -x**3 + 9*x**2 + 14*x + 7. What are the prime factors of n(10)?
47
Suppose -15*j + 5*j + 1440 = 0. List the prime factors of j.
2, 3
Suppose 0*i + 3*i - 6 = 0. Let j be i - (-76 - (-1 + -1)). What are the prime factors of j/24 - (-1)/(-6)?
3
Let r(p) = 8*p + 47. What are the prime factors of r(13)?
151
Let v(f) = f + 1. Let g be v(-1). Suppose -4*q + 12 + 12 = g. List the prime factors of q.
2, 3
Let m(y) = y**2 - 8*y + 8. Let v be m(6). Suppose -37 = -3*u - 13. List the prime factors of (7/v)/(u/(-64)).
2, 7
Let v(h) = h**2 - h - 1. Let b be v(-5). Suppose -i + b = -19. What are the prime factors of i?
2, 3
Let f = -23 + 23. Suppose f = -p - 0*p + 10. List the prime factors of p.
2, 5
Let o be (-6)/6*1*-5. Suppose -2*g + g = -5*f + 1, 27 = 3*g - o*f. List the prime factors of g.
2, 7
Let k(j) be the first derivative of -j**2/2 + j + 1. List the prime factors of k(-6).
7
Suppose b - 8 = 4. Suppose 3*w = b + 3. Let r = w + 0. List the prime factors of r.
5
Suppose 5*o - 589 = -3*b, 17*o - 479 = 13*o - 5*b. What are the prime factors of o?
2, 29
Suppose -2*z - 32 - 8 = 0. List the prime factors of (-10)/(-15) - z/6.
2
Let g(y) = y. Let k be g(9). Suppose k*c - 18 = 8*c. List the prime factors of c.
2, 3
Suppose -4*z + 3*b = z - 206, 6 = 2*b. What are the prime factors of z?
43
Let r be (-130)/(-12) - 8/(-48). Suppose 0 = -n - 3*o - r, -n + 0 = -o - 1. What are the prime factors of 1 - -1 - -9 - n?
13
Let v be (-4 + 1)*(-2)/(-3). What are the prime factors of v*(-2 - 7/2)?
11
Let j = 0 - -2. Let q(f) = -f**3 + 4*f**2 - f + 1. What are the prime factors of q(j)?
7
List the prime factors of (11 + 12/4)*(-20)/(-5).
2, 7
Let g = 100 - 11. What are the prime factors of g?
89
List the prime factors of 1*-172*-3*4/12.
2, 43
Let x = -10 - -4. Let y(v) = -3*v - 5. Let j be y(x). Suppose j = 3*q + 2*r - 1, -2*r = 5*q - 22. List the prime factors of q.
2
Let t = 18 - 2. Let x = t + -3. List the prime factors of x.
13
Suppose 3*o = -4*z + 36, 0 = 3*o - 2*z - z - 15. Let k(i) = -i**3 + 7*i**2 + 9*i - 5. List the prime factors of k(o).
3
Suppose 3*t = -4*a + 27, 5*a - 7*t + 3*t + 5 = 0. What are the prime factors of (6/a - 20)*-1?
2, 3
Let g be (-16)/2*(-1)/(-2). Let o be 4 - (g/(-1) + -2). Suppose -o*x + 0*x = -10. What are the prime factors of x?
5
List the prime factors of (-6)/(-8) + 836/16.
53
Suppose -2*r = 2*d + 3*r - 90, -3*d = 2*r - 157. What are the prime factors of d?
5, 11
Suppose v = 3*g + 12 + 42, 3*v + g = 142. List the prime factors of v.
2, 3
Suppose 0 = -5*m + 3*i - 21 - 6, -14 = -2*m - 5*i. Let q(h) = h**2 + 9. Let b be q(0). List the prime factors of 3 + b/m + 3.
3
What are the prime factors of 103 - ((5 - 5) + -2)?
3, 5, 7
Suppose 5*x + 20 = x. Let v(q) = q**2 + 2*q - 6. What are the prime factors of v(x)?
3
Suppose v + v = 6. Let d(t) = -t**v + 3*t**3 - 4*t**3 - 8*t**2 + 3*t**3 + 2*t. What are the prime factors of d(8)?
2
Suppose 0 = -3*a + 193 - 52. Let p = -11 + a. What are the prime factors of p?
2, 3
Let n(k) be the first derivative of 7*k**2/2 + k - 4. List the prime factors of n(1).
2
Let f(p) = -p**2 - 7*p + 5. Let y be f(-7). Suppose y*t + l = -3*l + 30, -4*t = 3*l - 23. Suppose t*k + g - 17 = 10, 3*g = -k + 21. List the prime factors of k.
2, 3
What are the prime factors of 1402/7 - 10/35?
2, 5
Let x(q) = -q**2 - 4*q - 2. Let l be x(-4). Let k be (l/3)/(2/3). What are the prime factors of 16/6*(-6)/k?
2
What are the prime factors of -26 - -28 - (0 - 138)?
2, 5, 7
Let s be (-3 + (-38)/6)*-3. Let q = s + 0. List the prime factors of q.
2, 7
Let z = 2 - -3. Suppose -z*y = -5*t + 185, -2*t + y = -0*y - 69. List the prime factors of t.
2
Let z = 27 - 20. List the prime factors of z.
7
Let v(t) = -t**2 - 5*t + 5. Let d = -2 - 2. What are the prime factors of v(d)?
3
Let p(o) = -o**3 + 4*o**2 + 8*o - 5. Let h be p(5). Let b be -9 - 0 - (2 - 3). Let l = h + b. List the prime factors of l.
2
List the prime factors of (-2 - -5) + 32 - -2.
37
Let g be 0*(-2 + -1)/(-9). Let x(k) = k**2 - k. Let a be x(g). Suppose -4*h + 2*o = -a*o - 46, -4*o + 25 = h. List the prime factors of h.
13
Let k(a) = 3*a**2 - 7*a + 4. Let i(m) = -m**2 + 2*m - 1. Let n(v) = -7*i(v) - 2*k(v). Let j be n(-2). Suppose -j*z + 14 = -22. What are the prime factors of z?
2, 3
Let y be (1 - (2 - 1))/(-2). Suppose -5*r = -y*r. Suppose -j = 2*p - 9, r = 3*p + j - 0*j - 12. List the prime factors of p.
3
Let p be 1/3 + (-118)/(-6). Suppose 2*m - 12 = p. List the prime factors of m.
2
Let b be 1*-4*3/6. Let x = b + 0. List the prime factors of x/2*-7*1.
7
Suppose 0 = 4*t - l - 2, -l - 2 + 0 = 2*t. Suppose -2*m + 4 + 2 = t. Let p = 7 - m. List the prime factors of p.
2
List the prime factors of (-245)/(-9) + (-8)/(-36)*-1.
3
Suppose -3*g - 2*k = -8*g + 2240, -3*g = -3*k - 1344. List the prime factors of g.
2, 7
Suppose 4*z - 5*p + 35 - 264 = 0, 4*z + p - 247 = 0. What are the prime factors of z?
61
List the prime factors of 1 + -3 + (-79)/(-1).
7, 11
Suppose 0 = -3*f + 8*f - 15. Let b(x) = x**3 + 2*x**2 + f*x**2 + 5*x - 5*x - 4. List the prime factors of b(-4).
2, 3
Suppose 3*l - g = 35 + 115, -61 = -l + 4*g. Suppose 0 = -5*c + l + 26. What are the prime factors of c?
3, 5
Let m(q) = 3*q**2 - q - 1. Let s be m(-1). Let r be 11 + (-9)/(18/4). What are the prime factors of (-3)/r - (-13)/s?
2
Let b(s) = -s + 4. Let p be b(-5). Suppose -2*m + 11 = -p. What are the prime factors of m?
2, 5
Suppose 0 = -2*b + 23 + 43. What are the prime factors of b?
3, 11
Let n be (-4)/(-6) + (-416)/(-6). Suppose 4*i = -i + n. List the prime factors of i.
2, 7
Let q(h) = h**2 + 5 - 20 - 5*h + 4. What are the prime factors of q(8)?
13
Let q(s) = -s**3 - s + 1. Let f(g) = 5*g**3 + 4*g**2 - 4 - 6*g - 6 + 2*g. Let x(l) = f(l) + 4*q(l). List the prime factors of x(-5).
3
Let l = 35 - 10. List the prime factors of l.
5
Let a(s) = -s**3 - 3*s**2 - 4*s. Let q = 1 + -4. What are the prime factors of a(q)?
2, 3
Suppose -5*y + 7*y - 2 = 0. What are the prime factors of 13 + (0 - 0) - y?
2, 3
Suppose -3*m = 4*r - 149, -2*r + 101 = 2*m + r